{"id":716,"date":"2018-06-22T17:30:00","date_gmt":"2018-06-22T15:30:00","guid":{"rendered":"https:\/\/www.gesi.srl\/gesisite\/?page_id=716"},"modified":"2022-09-21T00:27:55","modified_gmt":"2022-09-20T22:27:55","slug":"galleria-monte-pergola-avellino","status":"publish","type":"page","link":"https:\/\/www.gesi.srl\/gesisite\/lavori-eseguiti\/galleria-monte-pergola-avellino\/","title":{"rendered":"Galleria Monte Pergola (Avellino)"},"content":{"rendered":"\n<p><strong>La Galleria del Monte Pergola \u00e8 un tunnel che si estende tra il Km 20,200 e il Km 22,800 in localit\u00e0 Solofra<\/strong>. Migliaia di automobilisti che percorrono ogni mese l\u2019autostrada Avellino-Salerno usufruiscono di questo passaggio; il tratto stradale fu realizzato nel 1951 e presenta una lunghezza complessiva di circa 2300 m.<\/p>\n\n\n\n<p>Il traffico intenso a cui \u00e8 sottoposto il tunnel, lo ha posto al centro della cronaca locale numerose volte, a causa della sua scarsa illuminazione e del suo stato di decadimento.&nbsp;<strong>Questo tunnel, viene considerato uno tra i pi\u00f9 pericolosi d&#8217;Italia<\/strong> in quanto, non si pu\u00f2 comunicare via radio mentre si \u00e8 all&#8217;interno del tunnel, non c&#8217;\u00e8 un sistema di videosorveglianza, n\u00e9 illuminazione o corsie d&#8217;emergenza&nbsp; e banchine pedonali.<\/p>\n\n\n\n<h3 class=\"wp-block-heading\">Il nostro intervento<\/h3>\n\n\n\n<p><strong>Nell&#8217;anno 2018 siamo stati incaricati di rilevare parte delle due canne delle gallerie:<\/strong> sia quella in direzione nord, che quella sud; per una lunghezza totale di circa 2400 m.<\/p>\n\n\n\n<p><strong>Il tipo di strumentazione utilizzato, per rilevare le due canne della galleria, \u00e8 il Laser Scanner Z+F 5006h<\/strong>. Questa lavorazione \u00e8 stata l&#8217;occasione che ci ha permesso di utilizzare per la prima volta il nostro <strong>robot panoramico<\/strong>.<\/p>\n\n\n\n<p>Abbiamo cos\u00ec effettuato nel minor tempo possibile <strong>107 serie di foto panoramiche per un totale di 12840 scatti<\/strong>. La nostra strumentazione, ha reso possibile evidenziare lo stato di ammaloramento del calcestruzzo.<\/p>\n\n\n\n<figure class=\"wp-block-gallery has-nested-images columns-default is-cropped wp-block-gallery-1 is-layout-flex wp-block-gallery-is-layout-flex\">\n<figure class=\"wp-block-image size-large\"><img loading=\"lazy\" decoding=\"async\" width=\"2560\" height=\"1440\" data-id=\"371\" src=\"https:\/\/www.gesi.srl\/gesisite\/wp-content\/uploads\/2018\/07\/OK20180209_093422-scaled.jpg\" alt=\"\" class=\"wp-image-371\" srcset=\"https:\/\/www.gesi.srl\/gesisite\/wp-content\/uploads\/2018\/07\/OK20180209_093422-scaled.jpg 2560w, https:\/\/www.gesi.srl\/gesisite\/wp-content\/uploads\/2018\/07\/OK20180209_093422-300x169.jpg 300w, https:\/\/www.gesi.srl\/gesisite\/wp-content\/uploads\/2018\/07\/OK20180209_093422-1024x576.jpg 1024w, https:\/\/www.gesi.srl\/gesisite\/wp-content\/uploads\/2018\/07\/OK20180209_093422-768x432.jpg 768w, https:\/\/www.gesi.srl\/gesisite\/wp-content\/uploads\/2018\/07\/OK20180209_093422-1536x864.jpg 1536w, https:\/\/www.gesi.srl\/gesisite\/wp-content\/uploads\/2018\/07\/OK20180209_093422-2048x1152.jpg 2048w\" sizes=\"auto, (max-width: 2560px) 100vw, 2560px\" \/><\/figure>\n\n\n\n<figure class=\"wp-block-image size-large\"><img loading=\"lazy\" decoding=\"async\" width=\"2560\" height=\"1440\" data-id=\"465\" src=\"https:\/\/www.gesi.srl\/gesisite\/wp-content\/uploads\/2018\/11\/OK20180213_230855-scaled.jpg\" alt=\"\" class=\"wp-image-465\" srcset=\"https:\/\/www.gesi.srl\/gesisite\/wp-content\/uploads\/2018\/11\/OK20180213_230855-scaled.jpg 2560w, https:\/\/www.gesi.srl\/gesisite\/wp-content\/uploads\/2018\/11\/OK20180213_230855-300x169.jpg 300w, https:\/\/www.gesi.srl\/gesisite\/wp-content\/uploads\/2018\/11\/OK20180213_230855-1024x576.jpg 1024w, https:\/\/www.gesi.srl\/gesisite\/wp-content\/uploads\/2018\/11\/OK20180213_230855-768x432.jpg 768w, https:\/\/www.gesi.srl\/gesisite\/wp-content\/uploads\/2018\/11\/OK20180213_230855-1536x864.jpg 1536w, https:\/\/www.gesi.srl\/gesisite\/wp-content\/uploads\/2018\/11\/OK20180213_230855-2048x1152.jpg 2048w\" sizes=\"auto, (max-width: 2560px) 100vw, 2560px\" \/><\/figure>\n\n\n\n<figure class=\"wp-block-image size-large\"><img loading=\"lazy\" decoding=\"async\" width=\"2560\" height=\"1440\" data-id=\"372\" src=\"https:\/\/www.gesi.srl\/gesisite\/wp-content\/uploads\/2018\/07\/OK20180209_100614-scaled.jpg\" alt=\"\" class=\"wp-image-372\" srcset=\"https:\/\/www.gesi.srl\/gesisite\/wp-content\/uploads\/2018\/07\/OK20180209_100614-scaled.jpg 2560w, https:\/\/www.gesi.srl\/gesisite\/wp-content\/uploads\/2018\/07\/OK20180209_100614-300x169.jpg 300w, https:\/\/www.gesi.srl\/gesisite\/wp-content\/uploads\/2018\/07\/OK20180209_100614-1024x576.jpg 1024w, https:\/\/www.gesi.srl\/gesisite\/wp-content\/uploads\/2018\/07\/OK20180209_100614-768x432.jpg 768w, https:\/\/www.gesi.srl\/gesisite\/wp-content\/uploads\/2018\/07\/OK20180209_100614-1536x864.jpg 1536w, https:\/\/www.gesi.srl\/gesisite\/wp-content\/uploads\/2018\/07\/OK20180209_100614-2048x1152.jpg 2048w\" sizes=\"auto, (max-width: 2560px) 100vw, 2560px\" \/><\/figure>\n\n\n\n<figure class=\"wp-block-image size-large\"><img loading=\"lazy\" decoding=\"async\" width=\"2560\" height=\"1440\" data-id=\"374\" src=\"https:\/\/www.gesi.srl\/gesisite\/wp-content\/uploads\/2018\/07\/OK20180214_032522-scaled.jpg\" alt=\"\" class=\"wp-image-374\" srcset=\"https:\/\/www.gesi.srl\/gesisite\/wp-content\/uploads\/2018\/07\/OK20180214_032522-scaled.jpg 2560w, https:\/\/www.gesi.srl\/gesisite\/wp-content\/uploads\/2018\/07\/OK20180214_032522-300x169.jpg 300w, https:\/\/www.gesi.srl\/gesisite\/wp-content\/uploads\/2018\/07\/OK20180214_032522-1024x576.jpg 1024w, https:\/\/www.gesi.srl\/gesisite\/wp-content\/uploads\/2018\/07\/OK20180214_032522-768x432.jpg 768w, https:\/\/www.gesi.srl\/gesisite\/wp-content\/uploads\/2018\/07\/OK20180214_032522-1536x864.jpg 1536w, https:\/\/www.gesi.srl\/gesisite\/wp-content\/uploads\/2018\/07\/OK20180214_032522-2048x1152.jpg 2048w\" sizes=\"auto, (max-width: 2560px) 100vw, 2560px\" \/><\/figure>\n<\/figure>\n\n\n\n<h3 class=\"wp-block-heading\">I nostri elaborati<\/h3>\n\n\n\n<p>La consegna di questa lavorazione \u00e8 avvenuta tramite la produzione di:<\/p>\n\n\n\n<p>1 File CAD formato DWG contenente la PIANTA, le SEZIONI LONGITUDINALI e TRASVERSALI redatte nella scala 1:100 con ortofoto sovrapposta (All. 0)<\/p>\n\n\n\n<p>1 File CAD formato DWG contenente la PIANTA redatta nella scala 1:100 con ortofoto sovrapposta per 18 tavole (All. 1a-1t)<\/p>\n\n\n\n<p>1 File CAD formato DWG contenente la SEZIONE LONGITUDINALE RIFLETTANZA redatta nella scala 1:100 con ortofoto sovrapposta per 18 tavole (All. 2a-2t)<\/p>\n\n\n\n<p>1 File CAD formato DWG contenente la SEZIONE LONGITUDINALE COLORE redatta nella scala 1:100 con ortofoto sovrapposta per 18 tavole (All. 3a-3t)<\/p>\n\n\n\n<p>1 File CAD formato DWG contenente la SEZIONE LONGITUDINALE RIFLETTANZA redatta nella scala 1:100 con ortofoto sovrapposta per 18 tavole (All. 4a-4t)<\/p>\n\n\n\n<p>1 File CAD formato DWG contenente la SEZIONE LONGITUDINALE COLORE redatta nella scala 1:100 con ortofoto sovrapposta per 18 tavole (All. 5a-5t)<\/p>\n\n\n\n<p>1 File CAD formato DWG contenente la SEZIONE LONGITUDINALE RIFLETTANZA redatta nella scala 1:100 con ortofoto sovrapposta per 17 tavole (All. 6a-6s)<\/p>\n\n\n\n<p>1 File CAD formato DWG contenente la SEZIONE LONGITUDINALE COLORE redatta nella scala 1:100 con ortofoto sovrapposta per 17 tavole (All. 7a-7s)<\/p>\n\n\n\n<p>1 File CAD formato DWG contenente la SEZIONE LONGITUDINALE RIFLETTANZA redatta nella scala 1:100 con ortofoto sovrapposta per 17 tavole (All. 8a-8s)<\/p>\n\n\n\n<p>1 File CAD formato DWG contenente la SEZIONE LONGITUDINALE COLORE redatta nella scala 1:100 con ortofoto sovrapposta per 17 tavole (All. 9a-9s)<\/p>\n\n\n\n<p>1 File CAD formato DWG contenente le SEZIONI TRASVERSALI COLORE redatta nella scala 1:100 con ortofoto sovrapposta per 13 tavole (All. 10-0 &#8211; 10-12)<\/p>\n\n\n\n<p>In totale sono state elaborate 172 tavole.<\/p>\n\n\n\n<figure class=\"wp-block-image alignwide size-large\"><img loading=\"lazy\" decoding=\"async\" width=\"1024\" height=\"530\" src=\"https:\/\/www.gesi.srl\/gesisite\/wp-content\/uploads\/2018\/06\/montepergola_0-1024x530.jpg\" alt=\"\" class=\"wp-image-314\" srcset=\"https:\/\/www.gesi.srl\/gesisite\/wp-content\/uploads\/2018\/06\/montepergola_0-1024x530.jpg 1024w, https:\/\/www.gesi.srl\/gesisite\/wp-content\/uploads\/2018\/06\/montepergola_0-300x155.jpg 300w, https:\/\/www.gesi.srl\/gesisite\/wp-content\/uploads\/2018\/06\/montepergola_0-768x398.jpg 768w, https:\/\/www.gesi.srl\/gesisite\/wp-content\/uploads\/2018\/06\/montepergola_0-1536x795.jpg 1536w, https:\/\/www.gesi.srl\/gesisite\/wp-content\/uploads\/2018\/06\/montepergola_0-2048x1060.jpg 2048w\" sizes=\"auto, (max-width: 1024px) 100vw, 1024px\" \/><\/figure>\n\n\n\n<figure class=\"wp-block-image alignwide size-large\"><img loading=\"lazy\" decoding=\"async\" width=\"1024\" height=\"714\" src=\"https:\/\/www.gesi.srl\/gesisite\/wp-content\/uploads\/2018\/07\/ALL_1-monte-pergola-1024x714.jpg\" alt=\"\" class=\"wp-image-348\" srcset=\"https:\/\/www.gesi.srl\/gesisite\/wp-content\/uploads\/2018\/07\/ALL_1-monte-pergola-1024x714.jpg 1024w, https:\/\/www.gesi.srl\/gesisite\/wp-content\/uploads\/2018\/07\/ALL_1-monte-pergola-300x209.jpg 300w, https:\/\/www.gesi.srl\/gesisite\/wp-content\/uploads\/2018\/07\/ALL_1-monte-pergola-768x536.jpg 768w, https:\/\/www.gesi.srl\/gesisite\/wp-content\/uploads\/2018\/07\/ALL_1-monte-pergola-1536x1071.jpg 1536w, https:\/\/www.gesi.srl\/gesisite\/wp-content\/uploads\/2018\/07\/ALL_1-monte-pergola-2048x1428.jpg 2048w\" sizes=\"auto, (max-width: 1024px) 100vw, 1024px\" \/><\/figure>\n\n\n\n<figure class=\"wp-block-image alignwide size-large\"><img loading=\"lazy\" decoding=\"async\" width=\"1024\" height=\"714\" src=\"https:\/\/www.gesi.srl\/gesisite\/wp-content\/uploads\/2018\/07\/ALL_10-monte-pergola-1024x714.jpg\" alt=\"\" class=\"wp-image-349\" srcset=\"https:\/\/www.gesi.srl\/gesisite\/wp-content\/uploads\/2018\/07\/ALL_10-monte-pergola-1024x714.jpg 1024w, https:\/\/www.gesi.srl\/gesisite\/wp-content\/uploads\/2018\/07\/ALL_10-monte-pergola-300x209.jpg 300w, https:\/\/www.gesi.srl\/gesisite\/wp-content\/uploads\/2018\/07\/ALL_10-monte-pergola-768x536.jpg 768w, https:\/\/www.gesi.srl\/gesisite\/wp-content\/uploads\/2018\/07\/ALL_10-monte-pergola-1536x1071.jpg 1536w, https:\/\/www.gesi.srl\/gesisite\/wp-content\/uploads\/2018\/07\/ALL_10-monte-pergola-2048x1428.jpg 2048w\" sizes=\"auto, (max-width: 1024px) 100vw, 1024px\" \/><\/figure>\n","protected":false},"excerpt":{"rendered":"<p>La Galleria del Monte Pergola \u00e8 un tunnel che si estende tra il Km 20,200 e il Km 22,800 in localit\u00e0 Solofra. Migliaia di automobilisti che percorrono ogni mese l\u2019autostrada Avellino-Salerno usufruiscono di questo passaggio; il tratto stradale fu realizzato nel 1951 e presenta una lunghezza complessiva di circa 2300 m. Il traffico intenso a [&hellip;]<\/p>\n","protected":false},"author":1,"featured_media":0,"parent":27,"menu_order":0,"comment_status":"closed","ping_status":"closed","template":"","meta":{"_eb_attr":"","footnotes":""},"categories":[],"tags":[31,67],"class_list":["post-716","page","type-page","status-publish","hentry","tag-rilievi-laser-scanner","tag-strade"],"_links":{"self":[{"href":"https:\/\/www.gesi.srl\/gesisite\/wp-json\/wp\/v2\/pages\/716","targetHints":{"allow":["GET"]}}],"collection":[{"href":"https:\/\/www.gesi.srl\/gesisite\/wp-json\/wp\/v2\/pages"}],"about":[{"href":"https:\/\/www.gesi.srl\/gesisite\/wp-json\/wp\/v2\/types\/page"}],"author":[{"embeddable":true,"href":"https:\/\/www.gesi.srl\/gesisite\/wp-json\/wp\/v2\/users\/1"}],"replies":[{"embeddable":true,"href":"https:\/\/www.gesi.srl\/gesisite\/wp-json\/wp\/v2\/comments?post=716"}],"version-history":[{"count":1,"href":"https:\/\/www.gesi.srl\/gesisite\/wp-json\/wp\/v2\/pages\/716\/revisions"}],"predecessor-version":[{"id":717,"href":"https:\/\/www.gesi.srl\/gesisite\/wp-json\/wp\/v2\/pages\/716\/revisions\/717"}],"up":[{"embeddable":true,"href":"https:\/\/www.gesi.srl\/gesisite\/wp-json\/wp\/v2\/pages\/27"}],"wp:attachment":[{"href":"https:\/\/www.gesi.srl\/gesisite\/wp-json\/wp\/v2\/media?parent=716"}],"wp:term":[{"taxonomy":"category","embeddable":true,"href":"https:\/\/www.gesi.srl\/gesisite\/wp-json\/wp\/v2\/categories?post=716"},{"taxonomy":"post_tag","embeddable":true,"href":"https:\/\/www.gesi.srl\/gesisite\/wp-json\/wp\/v2\/tags?post=716"}],"curies":[{"name":"wp","href":"https:\/\/api.w.org\/{rel}","templated":true}]}}