{"id":1172,"date":"2022-10-12T17:02:14","date_gmt":"2022-10-12T15:02:14","guid":{"rendered":"https:\/\/www.gesi.srl\/gesisite\/?page_id=1172"},"modified":"2023-11-24T12:57:42","modified_gmt":"2023-11-24T11:57:42","slug":"gesi-tante-cose","status":"publish","type":"page","link":"https:\/\/www.gesi.srl\/gesisite\/gesi-tante-cose\/","title":{"rendered":"GESI \u00e8 tante cose!"},"content":{"rendered":"\n<div class=\"wp-block-group alignwide is-layout-flow wp-block-group-is-layout-flow\">\n<h1 class=\"wp-block-heading alignwide has-text-align-center\" style=\"font-size:5em\">Siamo tante cose!<\/h1>\n\n\n\n<h1 class=\"wp-block-heading alignwide has-text-align-center wp-block-post-title\" style=\"font-size:5em\"><\/h1>\n<\/div>\n\n\n\n<div class=\"wp-block-group alignwide has-background-background-color has-background is-layout-flow wp-block-group-is-layout-flow\" style=\"margin-top:0px;margin-bottom:0px\">\n<h2 class=\"wp-block-heading alignwide has-text-align-center\">Quale attivit\u00e0 vuoi visitare?<\/h2>\n<\/div>\n\n\n\n<div class=\"wp-block-group alignwide is-content-justification-center is-nowrap is-layout-flex wp-container-core-group-is-layout-04b23174 wp-block-group-is-layout-flex\" style=\"margin-top:0px;margin-bottom:0px;padding-top:2em;padding-right:2em;padding-bottom:2em;padding-left:2em\">\n<div class=\"wp-block-columns is-not-stacked-on-mobile is-layout-flex wp-container-core-columns-is-layout-28f84493 wp-block-columns-is-layout-flex\">\n<div class=\"wp-block-column is-vertically-aligned-center is-layout-flow wp-block-column-is-layout-flow\">\n<figure class=\"wp-block-image aligncenter size-large is-resized brandsForHover\"><a href=\"\/gesisite\/home-it\"><img loading=\"lazy\" decoding=\"async\" width=\"1024\" height=\"1024\" src=\"https:\/\/www.gesi.srl\/gesisite\/wp-content\/uploads\/2022\/10\/gesi-logo-big-1024x1024.png\" alt=\"\" class=\"wp-image-1173\" srcset=\"https:\/\/www.gesi.srl\/gesisite\/wp-content\/uploads\/2022\/10\/gesi-logo-big-1024x1024.png 1024w, https:\/\/www.gesi.srl\/gesisite\/wp-content\/uploads\/2022\/10\/gesi-logo-big-300x300.png 300w, https:\/\/www.gesi.srl\/gesisite\/wp-content\/uploads\/2022\/10\/gesi-logo-big-150x150.png 150w, https:\/\/www.gesi.srl\/gesisite\/wp-content\/uploads\/2022\/10\/gesi-logo-big-768x768.png 768w, https:\/\/www.gesi.srl\/gesisite\/wp-content\/uploads\/2022\/10\/gesi-logo-big-1536x1536.png 1536w, https:\/\/www.gesi.srl\/gesisite\/wp-content\/uploads\/2022\/10\/gesi-logo-big-2048x2048.png 2048w\" sizes=\"auto, (max-width: 1024px) 100vw, 1024px\" \/><\/a><\/figure>\n<\/div>\n\n\n\n<div class=\"wp-block-column is-vertically-aligned-center is-layout-flow wp-block-column-is-layout-flow\">\n<figure class=\"wp-block-image aligncenter size-full is-resized brandsForHover\"><a href=\"https:\/\/www.movoo.it\"><img loading=\"lazy\" decoding=\"async\" width=\"221\" height=\"221\" src=\"https:\/\/www.gesi.srl\/gesisite\/wp-content\/uploads\/2022\/10\/logo-bianco-fondo-azzurro.png\" alt=\"\" class=\"wp-image-1174\" style=\"width:295px;height:auto\" srcset=\"https:\/\/www.gesi.srl\/gesisite\/wp-content\/uploads\/2022\/10\/logo-bianco-fondo-azzurro.png 221w, https:\/\/www.gesi.srl\/gesisite\/wp-content\/uploads\/2022\/10\/logo-bianco-fondo-azzurro-150x150.png 150w\" sizes=\"auto, (max-width: 221px) 100vw, 221px\" \/><\/a><\/figure>\n<\/div>\n\n\n\n<div class=\"wp-block-column is-vertically-aligned-center is-layout-flow wp-block-column-is-layout-flow\">\n<figure class=\"wp-block-image aligncenter size-full is-resized brandsForHover\"><a href=\"http:\/\/sitook.com\/\"><img loading=\"lazy\" decoding=\"async\" width=\"1024\" height=\"1024\" src=\"https:\/\/www.gesi.srl\/gesisite\/wp-content\/uploads\/2023\/11\/logo_sitook_1024x2.jpg\" alt=\"\" class=\"wp-image-1371\" srcset=\"https:\/\/www.gesi.srl\/gesisite\/wp-content\/uploads\/2023\/11\/logo_sitook_1024x2.jpg 1024w, https:\/\/www.gesi.srl\/gesisite\/wp-content\/uploads\/2023\/11\/logo_sitook_1024x2-300x300.jpg 300w, https:\/\/www.gesi.srl\/gesisite\/wp-content\/uploads\/2023\/11\/logo_sitook_1024x2-150x150.jpg 150w, https:\/\/www.gesi.srl\/gesisite\/wp-content\/uploads\/2023\/11\/logo_sitook_1024x2-768x768.jpg 768w\" sizes=\"auto, (max-width: 1024px) 100vw, 1024px\" \/><\/a><\/figure>\n<\/div>\n<\/div>\n<\/div>\n\n\n\n<h2 class=\"wp-block-heading alignwide has-text-align-center\">Ecco i nostri settori:<\/h2>\n\n\n\n<div class=\"wp-block-group alignwide has-background is-nowrap is-layout-flex wp-container-core-group-is-layout-b5aa8a3f wp-block-group-is-layout-flex\" style=\"border-style:dotted;border-width:1px;background-color:#5a92fe;padding-top:10px;padding-right:10px;padding-bottom:10px;padding-left:10px\">\n<div class=\"wp-block-columns is-not-stacked-on-mobile is-layout-flex wp-container-core-columns-is-layout-28f84493 wp-block-columns-is-layout-flex\">\n<div class=\"wp-block-column is-vertically-aligned-center is-layout-flow wp-block-column-is-layout-flow\">\n<figure class=\"wp-block-image aligncenter size-large is-resized brandsForHover\"><a href=\"\/gesisite\/home-it\"><img loading=\"lazy\" decoding=\"async\" width=\"1024\" height=\"1024\" src=\"https:\/\/www.gesi.srl\/gesisite\/wp-content\/uploads\/2022\/10\/gesi-logo-big-1024x1024.png\" alt=\"\" class=\"wp-image-1173\" style=\"width:256px;height:256px\" srcset=\"https:\/\/www.gesi.srl\/gesisite\/wp-content\/uploads\/2022\/10\/gesi-logo-big-1024x1024.png 1024w, https:\/\/www.gesi.srl\/gesisite\/wp-content\/uploads\/2022\/10\/gesi-logo-big-300x300.png 300w, https:\/\/www.gesi.srl\/gesisite\/wp-content\/uploads\/2022\/10\/gesi-logo-big-150x150.png 150w, https:\/\/www.gesi.srl\/gesisite\/wp-content\/uploads\/2022\/10\/gesi-logo-big-768x768.png 768w, https:\/\/www.gesi.srl\/gesisite\/wp-content\/uploads\/2022\/10\/gesi-logo-big-1536x1536.png 1536w, https:\/\/www.gesi.srl\/gesisite\/wp-content\/uploads\/2022\/10\/gesi-logo-big-2048x2048.png 2048w\" sizes=\"auto, (max-width: 1024px) 100vw, 1024px\" \/><\/a><\/figure>\n<\/div>\n\n\n\n<div class=\"wp-block-column is-vertically-aligned-center is-layout-flow wp-block-column-is-layout-flow\">\n<p>Questa \u00e8 la nostra <a href=\"\/gesisite\/\"><strong>sezione topografica<\/strong><\/a> ed \u00e8 l&#8217;attivit\u00e0 con la quale siamo nati, <strong>ci occupiamo di misurazione <a href=\"https:\/\/www.gesi.srl\/gesisite\/storia-aziendale\/\" data-type=\"page\" data-id=\"681\">dal 2003<\/a><\/strong> con alti standard qualitativi e risultati notevoli!<\/p>\n\n\n\n<div class=\"wp-block-buttons is-content-justification-center is-layout-flex wp-container-core-buttons-is-layout-a89b3969 wp-block-buttons-is-layout-flex\">\n<div class=\"wp-block-button brandsForHoverNoRotation\"><a class=\"wp-block-button__link has-background wp-element-button\" href=\"\/gesisite\/home-it\" style=\"background-color:#1b69fe\">Visita il sito<\/a><\/div>\n<\/div>\n<\/div>\n<\/div>\n<\/div>\n\n\n\n<hr class=\"wp-block-separator has-alpha-channel-opacity\"\/>\n\n\n\n<div class=\"wp-block-group alignwide has-background is-nowrap is-layout-flex wp-container-core-group-is-layout-b5aa8a3f wp-block-group-is-layout-flex\" style=\"border-style:dotted;border-width:1px;background-color:#6bb1dc;padding-top:10px;padding-right:10px;padding-bottom:10px;padding-left:10px\">\n<div class=\"wp-block-columns is-not-stacked-on-mobile is-layout-flex wp-container-core-columns-is-layout-28f84493 wp-block-columns-is-layout-flex\">\n<div class=\"wp-block-column is-vertically-aligned-center is-layout-flow wp-block-column-is-layout-flow\">\n<figure class=\"wp-block-image aligncenter size-full brandsForHover\"><a href=\"https:\/\/www.movoo.it\"><img loading=\"lazy\" decoding=\"async\" width=\"221\" height=\"221\" src=\"https:\/\/www.gesi.srl\/gesisite\/wp-content\/uploads\/2022\/10\/logo-bianco-fondo-azzurro.png\" alt=\"\" class=\"wp-image-1174\" srcset=\"https:\/\/www.gesi.srl\/gesisite\/wp-content\/uploads\/2022\/10\/logo-bianco-fondo-azzurro.png 221w, https:\/\/www.gesi.srl\/gesisite\/wp-content\/uploads\/2022\/10\/logo-bianco-fondo-azzurro-150x150.png 150w\" sizes=\"auto, (max-width: 221px) 100vw, 221px\" \/><\/a><\/figure>\n<\/div>\n\n\n\n<div class=\"wp-block-column is-vertically-aligned-center is-layout-flow wp-block-column-is-layout-flow\">\n<p>Questa \u00e8 la nostra <strong>sezione creativa fondata nel 2018<\/strong>.<\/p>\n\n\n\n<p>Permette di sfruttare le competenze tecniche dei nostri operatori e differenziare le attivit\u00e0.<\/p>\n\n\n\n<div class=\"wp-block-buttons is-content-justification-center is-layout-flex wp-container-core-buttons-is-layout-a89b3969 wp-block-buttons-is-layout-flex\">\n<div class=\"wp-block-button brandsForHoverNoRotation\"><a class=\"wp-block-button__link has-background wp-element-button\" href=\"https:\/\/www.movoo.it\/\" style=\"background-color:#3394ce\" target=\"_blank\" rel=\"noreferrer noopener\">Visita il sito<\/a><\/div>\n<\/div>\n<\/div>\n<\/div>\n<\/div>\n\n\n\n<hr class=\"wp-block-separator has-alpha-channel-opacity\"\/>\n\n\n\n<div class=\"wp-block-group alignwide has-background is-nowrap is-layout-flex wp-container-core-group-is-layout-b5aa8a3f wp-block-group-is-layout-flex\" style=\"border-style:dotted;border-width:1px;background-color:#ffffee;padding-top:10px;padding-right:10px;padding-bottom:10px;padding-left:10px\">\n<div class=\"wp-block-columns is-not-stacked-on-mobile is-layout-flex wp-container-core-columns-is-layout-28f84493 wp-block-columns-is-layout-flex\">\n<div class=\"wp-block-column is-vertically-aligned-center is-layout-flow wp-block-column-is-layout-flow\">\n<figure class=\"wp-block-image aligncenter size-full is-resized brandsForHover\"><img loading=\"lazy\" decoding=\"async\" width=\"1024\" height=\"1024\" src=\"https:\/\/www.gesi.srl\/gesisite\/wp-content\/uploads\/2023\/11\/logo_sitook_1024x2.jpg\" alt=\"\" class=\"wp-image-1371\" style=\"width:256px;height:256px\" srcset=\"https:\/\/www.gesi.srl\/gesisite\/wp-content\/uploads\/2023\/11\/logo_sitook_1024x2.jpg 1024w, https:\/\/www.gesi.srl\/gesisite\/wp-content\/uploads\/2023\/11\/logo_sitook_1024x2-300x300.jpg 300w, https:\/\/www.gesi.srl\/gesisite\/wp-content\/uploads\/2023\/11\/logo_sitook_1024x2-150x150.jpg 150w, https:\/\/www.gesi.srl\/gesisite\/wp-content\/uploads\/2023\/11\/logo_sitook_1024x2-768x768.jpg 768w\" sizes=\"auto, (max-width: 1024px) 100vw, 1024px\" \/><\/figure>\n<\/div>\n\n\n\n<div class=\"wp-block-column is-vertically-aligned-center is-layout-flow wp-block-column-is-layout-flow\">\n<p>Questa \u00e8 la nostra <strong>sezione informatica nata nel 2006<\/strong>. <\/p>\n\n\n\n<p>Permette di offrire a noi stessi ed a terzi soluzioni informatiche per le quali siamo i primi utilizzatori.<\/p>\n\n\n\n<div class=\"wp-block-buttons is-content-justification-center is-layout-flex wp-container-core-buttons-is-layout-a89b3969 wp-block-buttons-is-layout-flex\">\n<div class=\"wp-block-button brandsForHoverNoRotation\"><a class=\"wp-block-button__link has-foreground-color has-text-color has-background wp-element-button\" href=\"https:\/\/www.sitook.com\/\" style=\"background-color:#ffff99\" target=\"_blank\" rel=\"noreferrer noopener\">Visita il sito<\/a><\/div>\n<\/div>\n<\/div>\n<\/div>\n<\/div>\n\n\n\n<p><\/p>\n\n\n\n<p><\/p>\n","protected":false},"excerpt":{"rendered":"<p>Siamo tante cose! Quale attivit\u00e0 vuoi visitare? Ecco i nostri settori: Questa \u00e8 la nostra sezione topografica ed \u00e8 l&#8217;attivit\u00e0 con la quale siamo nati, ci occupiamo di misurazione dal 2003 con alti standard qualitativi e risultati notevoli! Questa \u00e8 la nostra sezione creativa fondata nel 2018. Permette di sfruttare le competenze tecniche dei nostri [&hellip;]<\/p>\n","protected":false},"author":1,"featured_media":0,"parent":0,"menu_order":0,"comment_status":"closed","ping_status":"closed","template":"wp-custom-template-solo-footer","meta":{"_eb_attr":"","footnotes":""},"categories":[],"tags":[],"class_list":["post-1172","page","type-page","status-publish","hentry"],"_links":{"self":[{"href":"https:\/\/www.gesi.srl\/gesisite\/wp-json\/wp\/v2\/pages\/1172","targetHints":{"allow":["GET"]}}],"collection":[{"href":"https:\/\/www.gesi.srl\/gesisite\/wp-json\/wp\/v2\/pages"}],"about":[{"href":"https:\/\/www.gesi.srl\/gesisite\/wp-json\/wp\/v2\/types\/page"}],"author":[{"embeddable":true,"href":"https:\/\/www.gesi.srl\/gesisite\/wp-json\/wp\/v2\/users\/1"}],"replies":[{"embeddable":true,"href":"https:\/\/www.gesi.srl\/gesisite\/wp-json\/wp\/v2\/comments?post=1172"}],"version-history":[{"count":36,"href":"https:\/\/www.gesi.srl\/gesisite\/wp-json\/wp\/v2\/pages\/1172\/revisions"}],"predecessor-version":[{"id":1548,"href":"https:\/\/www.gesi.srl\/gesisite\/wp-json\/wp\/v2\/pages\/1172\/revisions\/1548"}],"wp:attachment":[{"href":"https:\/\/www.gesi.srl\/gesisite\/wp-json\/wp\/v2\/media?parent=1172"}],"wp:term":[{"taxonomy":"category","embeddable":true,"href":"https:\/\/www.gesi.srl\/gesisite\/wp-json\/wp\/v2\/categories?post=1172"},{"taxonomy":"post_tag","embeddable":true,"href":"https:\/\/www.gesi.srl\/gesisite\/wp-json\/wp\/v2\/tags?post=1172"}],"curies":[{"name":"wp","href":"https:\/\/api.w.org\/{rel}","templated":true}]}}